12?
True
Does 12 divide 2580466?
False
Does 67 divide 575932?
True
Is 3 a factor of 20133?
True
Is 220300 a multiple of 71?
False
Is 446 a factor of 247530?
True
Is 7156584 a multiple of 8?
True
Is 627 a factor of 27561666?
True
Does 62 divide 29957?
False
Does 57 divide 1031065?
False
Is 19081 a multiple of 150?
False
Is 28 a factor of 32144?
True
Does 83 divide 676035?
True
Is 125847 a multiple of 35?
False
Is 149 a factor of 2775039?
False
Does 19 divide 651111?
True
Is 193319 a multiple of 9?
False
Is 7 a factor of 104643?
True
Is 5 a factor of 13245?
True
Does 160 divide 1006836?
False
Does 6 divide 82805?
False
Is 17 a factor of 93831?
False
Is 36 a factor of 5053955?
False
Is 260282 a multiple of 68?
False
Is 1588442 a multiple of 18?
False
Is 52258 a multiple of 452?
False
Is 30 a factor of 785208?
False
Is 125023 a multiple of 242?
False
Is 1235924 a multiple of 94?
False
Is 66 a factor of 10350719?
False
Is 42 a factor of 53968?
False
Is 379053 a multiple of 27?
True
Does 12 divide 3550826?
False
Is 9 a factor of 40671?
True
Is 168926 a multiple of 519?
False
Does 11 divide 59653?
True
Is 9 a factor of 125459?
False
Does 30 divide 416898?
False
Does 243 divide 389096?
False
Does 133 divide 1560888?
True
Is 63 a factor of 20702289?
False
Is 750 a factor of 8000504?
False
Is 11308610 a multiple of 530?
True
Is 35 a factor of 915460?
True
Is 418598 a multiple of 119?
False
Does 77 divide 5333855?
False
Is 5 a factor of 64325?
True
Is 5 a factor of 179926?
False
Is 20 a factor of 213820?
True
Is 69650 a multiple of 350?
True
Is 175 a factor of 2548863?
False
Is 49057 a multiple of 103?
False
Is 14 a factor of 578550?
True
Does 17 divide 115447?
True
Does 335 divide 1418187?
False
Does 41 divide 3395989?
True
Is 209113 a multiple of 186?
False
Is 14 a factor of 64006?
False
Is 215437 a multiple of 314?
False
Is 110 a factor of 72267?
False
Is 92105 a multiple of 102?
False
Is 33 a factor of 91527?
False
Is 108784 a multiple of 260?
False
Is 47696 a multiple of 8?
True
Is 96285 a multiple of 140?
False
Is 1180386 a multiple of 113?
False
Is 367 a factor of 337762?
False
Is 94477 a multiple of 2?
False
Is 548940 a multiple of 15?
True
Is 47 a factor of 235188?
True
Is 13 a factor of 233974?
True
Does 3 divide 499797?
True
Is 97 a factor of 4307150?
False
Is 15 a factor of 223725?
True
Does 7 divide 4427605?
True
Is 428780 a multiple of 10?
True
Is 18806508 a multiple of 36?
True
Does 30 divide 37470?
True
Is 2476519 a multiple of 182?
False
Is 80 a factor of 143840?
True
Is 1097522 a multiple of 172?
False
Does 24 divide 113285?
False
Does 7 divide 8644?
False
Is 3198916 a multiple of 133?
True
Is 16 a factor of 40048?
True
Is 40253 a multiple of 3?
False
Is 69 a factor of 53130?
True
Is 435309 a multiple of 3?
True
Does 39 divide 2393469?
True
Is 3318784 a multiple of 512?
True
Is 657256 a multiple of 58?
True
Does 147 divide 569967?
False
Does 665 divide 7677012?
False
Is 490276 a multiple of 6?
False
Is 8100253 a multiple of 25?
False
Is 3414687 a multiple of 83?
False
Does 10 divide 398165?
False
Is 475426 a multiple of 7?
True
Is 6 a factor of 316562?
False
Is 30 a factor of 349568?
False
Does 49 divide 2099334?
False
Is 101 a factor of 581759?
False
Is 14 a factor of 1294052?
False
Is 67681 a multiple of 28?
False
Does 28 divide 54034?
False
Is 253227 a multiple of 43?
True
Is 23 a factor of 156329?
False
Is 5298125 a multiple of 555?
False
Does 242 divide 113498?
True
Is 290871 a multiple of 133?
True
Is 4952287 a multiple of 30?
False
Does 50 divide 467700?
True
Is 26 a factor of 162640?
False
Does 15 divide 136920?
True
Is 12 a factor of 43968?
True
Does 3 divide 151868?
False
Does 11 divide 116184?
False
Does 518 divide 80739?
False
Is 34 a factor of 24548?
True
Is 1201783 a multiple of 588?
False
Is 2 a factor of 329437?
False
Is 14 a factor of 678286?
True
Is 262810 a multiple of 82?
True
Is 294878 a multiple of 94?
True
Is 23 a factor of 11471608?
False
Is 149 a factor of 267290?
False
Is 531391 a multiple of 108?
False
Does 45 divide 427773?
False
Is 20 a factor of 1106180?
True
Does 382 divide 1490564?
True
Is 119402 a multiple of 263?
True
Is 36 a factor of 5577480?
True
Does 53 divide 1417399?
False
Does 49 divide 3568376?
True
Does 52 divide 289380?
True
Is 140 a factor of 741020?
True
Is 81 a factor of 400626?
True
Is 1732011 a multiple of 35?
False
Is 117 a factor of 95455?
False
Is 472414 a multiple of 6?
False
Is 51 a factor of 1620967?
False
Does 19 divide 112651?
True
Does 21 divide 17294718?
True
Does 674 divide 3062621?
False
Does 303 divide 166650?
True
Is 185 a factor of 355892?
False
Is 71 a factor of 11492273?
True
Is 512120 a multiple of 14?
True
Is 40 a factor of 105680?
True
Does 310 divide 610090?
False
Is 17663 even?
False
Is 23090096 a multiple of 1906?
False
Does 20 divide 134100?
True
Is 472 a factor of 284571?
False
Is 71 a factor of 28053?
False
Is 1667224 a multiple of 184?
True
Is 25642692 a multiple of 732?
True
Is 385 a factor of 955407?
False
Does 92 divide 2865892?
True
Does 12 divide 6061392?
True
Does 145 divide 680299?
False
Does 3 divide 1000710?
True
Is 14 a factor of 187821?
False
Is 172 a factor of 16292752?
False
Is 836 a factor of 1695408?
True
Is 72556 a multiple of 5?
False
Is 88 a factor of 48224?
True
Is 66 a factor of 7062?
True
Does 159 divide 3751187?
False
Does 101 divide 3993349?
False
Is 3104985 a multiple of 195?
True
Is 1400448 a multiple of 42?
True
Is 72001 a multiple of 97?
False
Is 58 a factor of 37535?
False
Is 9 a factor of 1201986?
True
Is 2 a factor of 29341?
False
Is 4465316 a multiple of 553?
False
Does 7 divide 7939602?
False
Is 120 a factor of 935698?
False
Does 18 divide 10890?
True
Is 1840 a multiple of 10?
True
Is 13291226 a multiple of 13?
True
Is 100 a factor of 4427281?
False
Is 1565 a factor of 2729360?
True
Is 305 a factor of 1070550?
True
Does 16 divide 1220050?
False
Is 19 a factor of 132563?
True
Is 155 a factor of 172515?
True
Does 396 divide 624864?
False
Is 18464 a multiple of 16?
True
Is 79 a factor of 77049?
False
Does 777 divide 5474110?
False
Does 595 divide 1206500?
False
Is 26 a factor of 114946?
True
Is 237 a factor of 36972?
True
Is 2558476 a multiple of 37?
True
Is 705933 a multiple of 9?
True
Does 10 divide 71915?
False
Is 79 a factor of 2130088?
False
Is 532836 a multiple of 369?
True
Is 216179 a multiple of 11?
False
Is 76 a factor of 20824?
True
Is 1062342 a multiple of 140?
False
Does 14 divide 118538?
True
Is 111 a factor of 922875?
False
Does 2 divide 74000?
True
Does 1104 divide 668569?
False
Is 89280 a multiple of 465?
True
Is 516 a multiple of 378?
False
Is 499048 a multiple of 22?
True
Is 889811 a multiple of 671?
False
Does 118 divide 5574080?
False
Is 10 a factor of 196825?
False
Is 292 a factor of 6221046?
False
Does 9 divide 467631?
True
Is 1966517 a multiple of 60?
False
Does 195 divide 8031195?
False
Does 195 divide 541905?
True
Is 998737 a multiple of 425?
False
Is 342250 a multiple of 74?
True
Is 86854 a multiple of 219?
False
Is 3267846 a multiple of 23?
False
Is 17 a factor of 601326?
False
Is 430 a factor of 1841955?
False
Does 280 divide 632520?
True
Is 10 a factor of 1816282?
False
Is 3088401 a multiple of 450?
False
Is 894 a factor of 1298544?
False
Is 78 a factor of 113880?
True
Is 8364302 a multiple of 21?
False
Is 147513 a multiple of 14?
False
Is 30216 a multiple of 22?
False
Does 43 divide 384103?
False
Does 131 divide 2949765?
False
Does 1132 divide 29258001?
False
Does 34 divide 22338?
True
Is 21 a factor of 11215005?
False
Is 6 a factor of 96805?
False
Is 136476 a multiple of 68?
True
Does 23 divide 1577846?
True
Is 262366 a multiple of 4?
False
Is 38016 a multiple of 12?
True
Is 70583 a multiple of 17?
False
Is 53 a factor of 4080344?
False
Is 987728 a multiple of 112?
True
Is 1097929 a multiple of 736?
False
Is 6 a factor of 19239?
False
Is 931 a factor of 946688?
False
Is 237 a factor of 2953020?
True
Is 2612049 a multiple of 95?
False
Does 11 divide 203980?
False
Does 691 divide 8256872?
False
Does 8 divide 807384?
True
Is 30 a factor of 1409931?
False
Is 11158328 a multiple of 969?
False
Is 5790 a multiple of 15?
True
Is 197 a factor of 691864?
True
Is 37 a factor of 65084?
False
Is 6 a factor of 1